se 7) to base 4.
1120320223
11101101011111011 (base 2) to base 11
833a1
Convert 220664 (base 8) to base 7.
426136
Convert -4414651 (base 7) to base 10.
-541927
Convert -10416472 (base 8) to base 10.
-2235706
-ec1a9 (base 15) to base 6
-24022310
-11102121101200 (base 3) to base 9
-4377350
Convert -132023113 (base 4) to base 12.
-5b647
-328089 (base 13) to base 5
-301014230
What is 710628 (base 10) in base 7?
6016542
Convert 4b47e1 (base 15) to base 10.
3609661
What is -1aeb8 (base 16) in base 8?
-327270
Convert 285660 (base 11) to base 12.
1965b1
What is 100011001110011011011000 (base 2) in base 10?
9234136
What is 1202020100101 (base 3) in base 10?
929728
Convert 26314101 (base 7) to base 2.
1001001011101100111000
Convert -352511 (base 9) to base 16.
-33b71
What is -1438c7b (base 13) in base 7?
-105355351
-2914910 (base 11) to base 14
-9471b8
-2731238 (base 12) to base 6
-434413312
41718 (base 11) to base 7
342101
Convert 34c815 (base 15) to base 13.
6a4489
What is 383ab59 (base 12) in base 4?
222010303311
What is 5d9d82 (base 15) in base 11?
2596244
-11350002 (base 6) to base 15
-70902
Convert 45076663 (base 8) to base 9.
20272105
1072774 (base 12) to base 11
1851986
-48285 (base 13) to base 14
-362b9
What is -1600182 (base 9) in base 4?
-3120102002
What is -11503536 (base 7) in base 5?
-230322103
Convert -142764 (base 12) to base 7.
-2600341
4442777 (base 8) to base 9
2224670
Convert -18759790 (base 10) to base 3.
-1022022002121001
-3b452 (base 13) to base 9
-177631
What is -15071 (base 10) in base 7?
-61640
-1101100100101101110 (base 2) to base 13
-1275b0
Convert 363114 (base 9) to base 11.
13a424
Convert 37c6d (base 14) to base 11.
9394a
34972a (base 11) to base 13
165568
75136 (base 8) to base 7
160221
57474 (base 10) to base 7
326364
What is 31572 (base 12) in base 14?
19846
Convert -668527 (base 10) to base 14.
-1358bd
What is 212420133 (base 5) in base 7?
10454534
What is 108db8 (base 14) in base 3?
1001120120211
17450 (base 11) to base 3
1020121022
What is -11010100001101000111 (base 2) in base 7?
-10250041
-13380745 (base 9) to base 11
-3803380
Convert cac7c (base 13) to base 3.
200122012102
-56818 (base 12) to base 6
-2245232
What is -121435563 (base 7) in base 8?
-35007324
-6407d (base 15) to base 4
-1031132320
Convert 3ea56 (base 15) to base 13.
70908
Convert -101110001011111111 (base 2) to base 10.
-189183
What is 4334411210 (base 5) in base 10?
9294555
2aa9a8 (base 12) to base 8
2605420
What is 3236587 (base 11) in base 5?
2424030034
What is 17701863 (base 9) in base 3?
121210001222010
What is 24524355 (base 7) in base 16?
21b14e
-110010000100111010010100 (base 2) to base 4
-302010322110
-10121120103 (base 4) to base 7
-12540102
What is 47247 (base 11) in base 15?
152ee
Convert -57125c (base 15) to base 8.
-17663432
Convert -100001010000111001110 (base 2) to base 14.
-205330
Convert 217ba7 (base 12) to base 11.
333945
Convert -253d5 (base 16) to base 4.
-211033111
Convert -1210012212211 (base 3) to base 16.
-e7b50
What is -224b1 (base 13) in base 14?
-18a08
-1c5ec7 (base 15) to base 6
-45421411
-6160160 (base 7) to base 4
-2303332232
115c27c (base 13) to base 8
24363640
What is 1b556e (base 15) in base 6?
44333322
What is -c8d28a (base 14) in base 12?
-2339822
What is 21356 (base 7) in base 3?
21022112
Convert -1212102122011 (base 3) to base 6.
-33135304
Convert -2533621 (base 8) to base 12.
-29a555
What is -551512 (base 8) in base 3?
-100101222212
-34250033 (base 7) to base 3
-12121202012202
83605 (base 12) to base 11
108200
11110101010010110 (base 2) to base 4
132222112
What is 12770a4 (base 11) in base 16?
21a78d
112167 (base 8) to base 4
21101313
What is -424020140 (base 5) in base 7?
-21102632
What is -232b3b1 (base 12) in base 10?
-6779509
-bc3a04 (base 15) to base 4
-202032223030
Convert a47ce (base 15) to base 9.
874345
Convert -440005351 (base 6) to base 13.
-181631b
What is -405543 (base 6) in base 7?
-163302
6c9c3 (base 14) to base 16
40c8f
Convert 4417576 (base 11) to base 14.
105c2b4
Convert 12336272 (base 9) to base 12.
2037702
Convert 16464615 (base 7) to base 5.
403101444
b9c60 (base 14) to base 7
3552050
Convert 10331200213 (base 4) to base 11.
809110
Convert 858d0 (base 14) to base 9.
541714
1267338 (base 11) to base 14
4107a6
What is -21b2fb (base 16) in base 8?
-10331373
What is -42645 (base 15) in base 16?
-336e9
What is 5440314 (base 6) in base 12?
11009a
What is -11a9116 (base 12) in base 3?
-20111200100000
Convert 1fc394 (base 16) to base 11.
11a2000
-16b685 (base 12) to base 7
-3225263
24011 (base 6) to base 10
3463
What is -332346 (base 16) in base 4?
-30302031012
105b3c9 (base 13) to base 2
10011000011010110010101
d03a (base 15) to base 10
43930
What is 1331517 (base 8) in base 7?
3114110
Convert -720b7 (base 12) to base 11.
-a1835
Convert 1413214330 (base 5) to base 4.
31322221122
Convert -113231223213 (base 4) to base 14.
-b7b663
What is -11102101220 (base 3) in base 15?
-1abd0
What is 10011011101111111010011 (base 2) in base 8?
23357723
Convert -1001010011110011011 (base 2) to base 7.
-2410235
-1000011000000111 (base 2) to base 12
-17a33
What is 11001211020100 (base 3) in base 7?
24242130
Convert 10344301 (base 5) to base 2.
10110000111010000
What is 1222022122 (base 3) in base 2?
1001011111010110
1011110111001110001 (base 2) to base 16
5ee71
What is -109237 (base 10) in base 7?
-633322
-4749094 (base 10) to base 15
-63c214
What is -1762325 (base 9) in base 16?
-f0b12
Convert 15310442 (base 6) to base 8.
2032632
Convert 3113314 (base 7) to base 2.
1011011001001011110
What is -a7cd0 (base 14) in base 6?
-12411102
-101020201022111 (base 3) to base 13
-1189144
1c9e6e (base 15) to base 10
1400504
70160 (base 14) to base 6
5434132
What is -2220101000220 (base 3) in base 16?
-1789bc
Convert 10000010011011000010 (base 2) to base 11.
3353a6
2110212011212 (base 3) to base 9
2425155
Convert -3535450 (base 6) to base 3.
-100100101110
What is -6031565 (base 7) in base 9?
-1307045
What is -18a764 (base 12) in base 8?
-1515674
Convert -111011110111 (base 2) to base 6.
-25423
1100001100011011 (base 2) to base 10
49947
-1315555 (base 6) to base 3
-10200112222
Convert -123101312 (base 4) to base 14.
-2ca10
Convert -33288 (base 16) to base 2.
-110011001010001000
What is -32303021 (base 6) in base 15?
-13d8c4
What is -1a99005 (base 11) in base 16?
-35ccc0
Convert 202221012000 (base 3) to base 2.
1100100100101110100
What is 829bc8 (base 14) in base 4?
100303302310
What is fb81c (base 16) in base 11?
643a90
439638 (base 11) to base 16
ab1c9
1206177 (base 9) to base 14
13050c
What is -33877 (base 10) in base 6?
-420501
Convert -201121001102 (base 3) to base 2.
-1011110001010001111
401240312 (base 5) to base 15
215322
-50266147 (base 8) to base 13
-22652bb
-200241231 (base 5) to base 2
-11000000111010101111
What is -100131221 (base 4) in base 8?
-203551
Convert 114140055 (base 6) to base 4.
20033021003
Convert 10a527 (base 13) to base 10.
394141
What is 642ad (base 15) in base 10?
317863
What is -16102043 (base 7) in base 4?
-11321223101
What is -130867 (base 9) in base 10?
-79441
What is -254020 (base 11) in base 3?
-202100121000
What is -d02e (base 16) in base 7?
-311243
Convert 102221011 (base 4) to base 10.
76357
Convert -515243212 (base 6) to base 10.
-8932760
Convert 267004 (base 11) to base 12.
182771
5ac839 (base 14) to base 5
1243422302
What is 11010110000111010100 (base 2) in base 12?
363644
What is -25760 (base 10) in base 8?
-62240
Convert 2354a9 (base 13) to base 7.
10066116
What is -44213421 (base 6) in base 3?
-2111021012211
Convert 117205 (base 13) to base 9.
703051
Convert 76a6 (base 11) to base 2.
10011110101111
-212202311 (base 4) to base 3
-22000120022
Convert -2110231023 (base 4) to base 14.
-11bd91
What is -112230014 (base 5) in base 16?
-7c0e6
Convert -12643646 (base 7) to base 5.
-244430034
-62165a8 (base 11) to base 10
-10974818
What is 775aa (base 13) in base 15?
44146
130001311 (base 5) to base 6
21222250
Convert -101100111101111001 (base 2) to base 11.
-116421
-213100230 (base 4) to base 12
-79090
What is -333311250 (base 6) in base 15?
-7e5a46
Convert -100203 (base 11) to base 12.
-79414
What is 2121029 (base 10) in base 15?
2bd6be
Convert -1110110111010101100101 (base 2) to base 12.
-137